st common divisor of 60 and n?
12
Suppose 4*b + w + 20 - 107 = 0, 0 = b + 5*w - 17. Calculate the greatest common divisor of 44 and b.
22
Let y = 407 - 389. What is the highest common factor of 12 and y?
6
Suppose -15 = -5*a + 2*u, -2*a + 0*u = u - 15. Suppose 2*m = 0, -a*x - 2*m - 2*m = 170. Let q = -4 - x. What is the highest common divisor of q and 12?
6
Let t = -321 - -362. Calculate the highest common divisor of t and 205.
41
Let s = 2937 - 1842. What is the greatest common divisor of s and 30?
15
Let d = 5 + -13. Let q be -4*(1 + 28/d). Calculate the highest common factor of q and 40.
10
Suppose 0 = 4*y - 3*z - 0 - 5, -4 = -4*z. Suppose -d + 210 = y*d. Suppose 3*i + 2 = r + 87, 5*i - 136 = -4*r. What is the highest common factor of i and d?
14
Suppose 1052 = 4*s + 5*u, -4*s - 91 = -4*u - 1179. Calculate the greatest common divisor of s and 67.
67
Let j be 12/(-10)*(-10)/6. Suppose 0 = -5*a + j*a + 39. Calculate the greatest common factor of a and 104.
13
Let i = -291 - -327. What is the highest common divisor of i and 306?
18
Let y be (46/4)/((-6)/(-300)). Calculate the greatest common divisor of y and 25.
25
Suppose 0 = 2*o + l - 300, -3*o - 261 = 3*l - 705. Suppose -5*y = -27 - 68. Calculate the highest common factor of o and y.
19
Suppose 4*v = 4*l + 128, 2*v + l = 10 + 69. What is the highest common factor of 592 and v?
37
Suppose 4*b - 5*q = -5, b = q - 2*q + 10. Suppose 0 = f + 4*y - b, -2*y - 4 = 2. What is the greatest common factor of 136 and f?
17
Let u(y) = 3*y**2 + 7*y + 4. Let k be u(-6). Let v be ((-576)/27)/(6/(-9)). Let r = v + -22. Calculate the greatest common divisor of r and k.
10
Suppose 3*l + 5*m = -97, 2*m = -5*l - 49 - 81. Let p be ((-3)/((-15)/28))/(2/(-5)). Let a = p - l. What is the greatest common divisor of 30 and a?
10
Let h = 19 + -45. Let x = 51 - h. Calculate the greatest common factor of x and 7.
7
Let u(q) = 3*q**3 - q + 2. Let s be u(1). Let b be (-102)/(-3) - (-6 + s). Calculate the greatest common divisor of 18 and b.
18
Suppose -161 = -6*t - 35. Let n = t + -8. Calculate the greatest common factor of 104 and n.
13
Let a be ((-1)/(-1))/(11/242). Let r(s) = 109*s**2 + s. Let c be r(1). What is the highest common factor of c and a?
22
Suppose -3*g + 17 = i - 15, -3*g - 2*i + 37 = 0. Let r be 12/10*(-765)/g. Let h be (-1)/3 + r/(-9). What is the highest common factor of 77 and h?
11
Let p(r) = -r**2 - 7*r - 3. Let u be p(-2). Let t = 25 - 18. What is the greatest common factor of t and u?
7
Suppose 0 = -692*x + 694*x - 10. Calculate the greatest common factor of 80 and x.
5
Let h be (-2)/4 + 4324/8. Let x = -386 + h. Let d = 16 + 6. What is the highest common factor of x and d?
22
Suppose -15 = -4*m - 31, -4*o + 2104 = m. What is the highest common factor of o and 31?
31
Let w = -4084 - -4088. Suppose 0*m - 3*m = -42. Calculate the greatest common factor of w and m.
2
Let r(z) = z**3 - 17*z**2 + z + 19. Let x be r(17). Calculate the highest common factor of 60 and x.
12
Let c(p) = p**2 - 13*p - 37. Let h be c(17). Suppose -4*f + 175 - h = 0. What is the highest common divisor of 12 and f?
12
Let d(x) = -x + 3. Let f be d(0). Let j(m) = -1 + m**2 + 4*m**3 + 3*m - 3*m**2 + 0 - 2. Let q be j(f). Calculate the greatest common factor of q and 12.
12
Let q = 144 - 120. Let n be (-278)/(-12) - (2 - 44/q). Calculate the greatest common divisor of 1 and n.
1
Let z(p) = -p**3 - 2*p**2 + 18*p - 9. Let t be z(-6). What is the highest common divisor of 72 and t?
9
Suppose 82 = 19*z - 32. What is the greatest common divisor of z and 162?
6
Let q be (1*-1)/((-4)/12). Suppose 4*w + 42 = s + s, q*s - 2*w = 63. Let b(r) = -51*r - 57. Let o be b(-4). Calculate the highest common factor of s and o.
21
Let k = 47 - 1. Let g = k - 39. What is the greatest common factor of 63 and g?
7
Suppose -3*d - 6 = -12. Suppose -d*p + 44 = -p. Suppose -14*w + 8*w = -24. Calculate the greatest common factor of p and w.
4
Suppose -5*u = -6*u. Suppose u*x - 154 = -x. Suppose -k = k - x. What is the highest common divisor of k and 7?
7
Suppose 38 = 53*k - 386. Calculate the highest common divisor of 196 and k.
4
Let h(y) = 2*y**2 - 12*y - 10. Let g be h(7). Suppose g*c - 421 = -37. What is the greatest common factor of 12 and c?
12
Suppose -14*v + 495 = -9. Calculate the highest common divisor of 1020 and v.
12
Let i be (0 + (-1)/3)*-12. Let s be i/(-16) - 74/(-8). Let n = -2 + 47. What is the greatest common divisor of n and s?
9
Suppose -2*y - 57 = -4*j + 81, -4*j + y = -143. Let b(k) = k**3 - 39*k**2 - 72*k - 225. Let f be b(41). What is the greatest common divisor of f and j?
37
Suppose -16 = b - 25. Let z = 158 - 59. Calculate the highest common factor of z and b.
9
Suppose -3*y = -4*y + 4*t + 28, 0 = 4*y + 3*t - 131. What is the highest common factor of 96 and y?
32
Suppose -c + 2*c - 4 = 0. Let p = 5 - c. Suppose 1 = g, 2*b - 30 + 7 = -g. What is the highest common factor of p and b?
1
Let y(f) = 27*f - 83. Let x be y(15). Calculate the highest common divisor of x and 184.
46
Let u = -160 - -177. Calculate the greatest common factor of 765 and u.
17
Let f be 28 - (-1 - 3)/(-4). Suppose -c - 36 + 45 = 0. Calculate the highest common divisor of f and c.
9
Suppose 0 = 3*s - 4*c, 11 = 5*s + c - 12. Suppose -s*r + 204 = -z + 5*z, 4*r = z - 56. Calculate the greatest common divisor of z and 26.
26
Let k = 17 - -6. Let x = -24 + k. Let i = 22 + x. Calculate the greatest common factor of i and 21.
21
Let r be 205/(3 + 2) + 2. Let g(c) = -30*c**3 + c**2 - c. Let h be g(1). Let o = h + r. What is the greatest common divisor of 39 and o?
13
Let m(g) = 13*g + 96. Let w be m(-4). What is the greatest common factor of 154 and w?
22
Let u(h) = h**2 + 3*h - 12. Let y be u(9). Suppose 5*j + 3*j - y = 0. What is the highest common divisor of 8 and j?
4
Suppose -3*u + h = -4, 2*u + 4*h = 6*h - 4. Calculate the highest common factor of 25 and u.
1
Suppose 0 = 6*r - 10*r + 12. Suppose -r*f = -f - 114. Suppose -15 - f = -3*k. What is the highest common factor of k and 8?
8
Let o be ((-2)/6)/((-9)/108). Suppose -o*z - 3*t + 250 - 94 = 0, -2*z = 5*t - 64. Let q be (-2)/(-3) - 61/(-3). Calculate the highest common divisor of q and z.
21
Suppose 0 = z - 5*z + 44. Suppose 3*q = z*q - 64. Let j be 579/12 + (-2)/q. What is the greatest common factor of 72 and j?
24
Suppose 6*t - 2*t = -2*l + 1496, 0 = 5*t + l - 1870. Calculate the highest common divisor of 17 and t.
17
Let q(j) = 6*j**2 + j. Suppose 0 = -26*o + 24*o + 10. Let r be q(o). Let h(i) = 6*i - 10. Let s be h(12). What is the highest common divisor of s and r?
31
Suppose -6*h - 207 = -291. Calculate the greatest common divisor of h and 49.
7
Let q = -1007 + 1197. What is the greatest common factor of q and 90?
10
Let m = 795 + -788. What is the greatest common divisor of 973 and m?
7
Suppose -4*h = 3*d - 18 - 87, -3*h + d + 82 = 0. Let z(x) = 136*x + 2862. Let b be z(-21). Calculate the greatest common divisor of b and h.
3
Let g be ((-25252)/(-177))/(2/3). Calculate the greatest common factor of g and 107.
107
Suppose 6*f - 2208 - 1872 = 0. Calculate the highest common factor of f and 80.
40
Let b = -471 + 474. Calculate the greatest common divisor of 258 and b.
3
Suppose 2*g + 3*g = 4*r + 97, -2*g - 4*r = -22. Let t(s) = 3*s**2 - 5*s + 15. Let w be t(2). Calculate the greatest common factor of w and g.
17
Let d = -331 + 353. What is the highest common divisor of d and 638?
22
Let r = 760 + -756. What is the greatest common divisor of 10 and r?
2
Let h be (1/2)/((-7)/(-70)). Suppose 2*r - 30 = -h*v, -r - v = -0*r - 18. What is the greatest common divisor of 10 and r?
10
Suppose -2*b - d = -48, 4*b + 130*d - 88 = 132*d. Let z = 136 - 67. What is the greatest common factor of z and b?
23
Let a be (-69)/(-15) + 14/35. Suppose v - l = -0*l + 17, 4*v - 32 = -a*l. Calculate the highest common factor of v and 91.
13
Let i(u) = 8*u + 87. Let b be i(-10). Calculate the highest common divisor of b and 609.
7
Suppose -2*f + 888 = q, -85*q + 2220 = 5*f - 83*q. What is the greatest common divisor of f and 12?
12
Suppose -84 = 4*f - 4*r, -f - 12 = -4*r + 6*r. Let w = 6 - f. What is the greatest common divisor of 72 and w?
24
Let m = 113 - 57. Calculate the greatest common divisor of m and 728.
56
Suppose -288*s 